What is the highest common factor of 47003 and 12056?
11
What is the greatest common divisor of 1581804 and 1386?
126
Calculate the highest common factor of 9531288 and 14976.
936
Calculate the highest common divisor of 821 and 3664123.
821
Calculate the highest common divisor of 1903650 and 560.
70
What is the greatest common divisor of 9185 and 176972405?
835
Calculate the highest common divisor of 119901684 and 42.
42
Calculate the highest common divisor of 72 and 1943964.
36
Calculate the greatest common factor of 6295 and 55645.
5
Calculate the greatest common divisor of 1961 and 4692673.
1961
Calculate the greatest common divisor of 46700887 and 34.
17
What is the greatest common divisor of 46729 and 2255941?
563
What is the greatest common divisor of 18 and 27260946?
18
Calculate the greatest common factor of 149045 and 1702870.
65
Calculate the highest common divisor of 28490800 and 416.
208
Calculate the highest common divisor of 4800 and 37824.
192
Calculate the greatest common divisor of 8 and 2261836.
4
Calculate the greatest common divisor of 20447217 and 4543.
413
Calculate the highest common factor of 2973147 and 1701768.
4947
Calculate the highest common factor of 41838 and 16074.
114
What is the highest common divisor of 17610 and 128142100?
5870
Calculate the highest common factor of 20 and 817220.
20
What is the greatest common factor of 29441 and 119261?
499
What is the highest common divisor of 1285641 and 189?
63
What is the greatest common divisor of 516071 and 3155797?
4567
Calculate the highest common divisor of 186078424 and 127036.
9772
Calculate the highest common factor of 3873532 and 4113.
457
Calculate the greatest common factor of 275340 and 365352.
156
What is the greatest common factor of 129 and 208164591?
129
Calculate the greatest common divisor of 2325 and 1699234.
31
What is the greatest common factor of 462 and 1021846?
14
What is the greatest common factor of 15 and 19478265?
15
Calculate the highest common factor of 27968290 and 210.
70
What is the highest common divisor of 6508136 and 52632?
344
Calculate the highest common divisor of 8901996 and 84.
12
Calculate the greatest common divisor of 94301500 and 25500.
500
What is the highest common factor of 56 and 78251054?
14
Calculate the highest common divisor of 40205872 and 10976.
784
What is the highest common factor of 226200 and 50856?
312
What is the greatest common divisor of 52243 and 157316?
587
Calculate the greatest common divisor of 11 and 1882529.
11
Calculate the greatest common factor of 2280 and 158323320.
120
What is the highest common divisor of 488286517 and 61?
61
Calculate the highest common divisor of 194161746 and 6.
6
What is the highest common factor of 13087860 and 180?
60
Calculate the highest common factor of 1530 and 167346.
18
Calculate the greatest common divisor of 413 and 150124261.
413
Calculate the highest common divisor of 3953 and 4489.
67
Calculate the highest common divisor of 594 and 62666736.
66
What is the highest common factor of 195464 and 94552?
424
Calculate the highest common divisor of 306051 and 27534.
1059
Calculate the greatest common divisor of 436862 and 2024.
46
What is the greatest common factor of 1543665 and 2685?
15
Calculate the greatest common divisor of 152 and 9789218.
38
Calculate the highest common factor of 23907167 and 3.
1
What is the highest common divisor of 10319 and 35088?
17
Calculate the greatest common divisor of 1735 and 31311545.
1735
Calculate the highest common factor of 32635764 and 1176.
588
Calculate the highest common divisor of 2256 and 211688.
376
Calculate the highest common factor of 627865424 and 10913.
1559
Calculate the highest common factor of 12166 and 3499034.
154
Calculate the greatest common factor of 65183019 and 11.
11
Calculate the highest common factor of 43739884 and 155.
31
What is the greatest common factor of 477 and 1396134?
9
What is the greatest common divisor of 572284 and 60371?
827
Calculate the highest common divisor of 3122 and 215594393.
1561
Calculate the highest common factor of 813212 and 2992.
68
What is the highest common divisor of 360 and 3044232?
72
Calculate the greatest common factor of 555 and 97376415.
555
Calculate the greatest common divisor of 168673785 and 132405.
10185
What is the highest common factor of 57239112 and 168?
168
Calculate the highest common divisor of 3484 and 17107311.
871
Calculate the highest common factor of 19297431 and 3.
3
Calculate the highest common divisor of 837 and 6747987.
93
What is the highest common factor of 1689104 and 512?
16
Calculate the greatest common divisor of 152 and 17731864.
152
Calculate the highest common factor of 19459373 and 629.
629
Calculate the highest common factor of 235695 and 17979807.
2481
What is the greatest common divisor of 136 and 2866166?
34
Calculate the highest common divisor of 326460 and 204.
12
What is the highest common factor of 851796 and 366201?
891
What is the highest common factor of 495 and 2287945?
55
What is the greatest common divisor of 453681259 and 19?
19
Calculate the greatest common divisor of 83 and 19753751.
83
What is the greatest common factor of 148218 and 21210?
42
What is the greatest common divisor of 125309687 and 3035?
607
What is the greatest common divisor of 5692687 and 2068?
517
What is the highest common factor of 25 and 109112525?
25
Calculate the highest common factor of 7 and 102020219.
7
Calculate the highest common divisor of 10 and 940806240.
10
What is the highest common factor of 151073048 and 56?
56
What is the highest common divisor of 605 and 20317?
11
What is the greatest common factor of 457714 and 1481456?
3494
Calculate the highest common factor of 4896 and 3656412.
36
Calculate the greatest common factor of 152 and 46866.
2
What is the greatest common divisor of 6006 and 7084770?
462
Calculate the highest common divisor of 71346 and 35190.
138
Calculate the highest common divisor of 54 and 296732943.
27
What is the greatest common factor of 8121750 and 518?
14
What is the greatest common divisor of 537 and 1979024?
179
What is the highest common factor of 60939756 and 108?
108
Calculate the greatest common factor of 100128441 and 21.
21
What is the highest common divisor of 578919 and 1127522?
583
Calculate the greatest common factor of 1352 and 7520669.
169
What is the greatest common divisor of 8799 and 237306097?
2933
Calculate the highest common divisor of 14497 and 267436514.
2071
What is the highest common factor of 140082 and 1129490?
1262
What is the greatest common divisor of 88 and 154468270?
22
What is the highest common divisor of 11813631 and 12?
3
What is the highest common divisor of 30000 and 4436560?
80
Calculate the highest common factor of 175535397 and 54.
27
What is the greatest common divisor of 32785 and 2864777?
79
Calculate the greatest common factor of 432793691 and 253.
253
What is the highest common divisor of 80276994 and 882?
882
What is the greatest common factor of 266628595 and 15?
5
Calculate the greatest common factor of 53632698 and 63.
21
Calculate the greatest common divisor of 2400 and 488288.
32
Calculate the greatest common factor of 24549561 and 972.
243
Calculate the greatest common divisor of 792 and 30291426.
198
What is the greatest common divisor of 116 and 10924648?
116
What is the highest common divisor of 3960999 and 315?
63
Calculate the highest common factor of 2662297 and 39963.
1903
What is the highest common factor of 167860 and 163156?
28
Calculate the greatest common divisor of 48719671 and 98.
49
Calculate the greatest common factor of 12 and 39655096.
4
Calculate the highest common factor of 11100648 and 15288.
312
Calculate the highest common divisor of 140 and 2392380.
20
What is the highest common divisor of 491127 and 13377?
1911
Calculate the greatest common divisor of 33459095 and 5130.
95
Calculate the highest common factor of 326626 and 678122.
1658
What is the greatest common factor of 55325228 and 448?
28
What is the highest common factor of 76 and 67072318?
38
Calculate the greatest common factor of 87737 and 1527331.
221
Calculate the highest common divisor of 5459223 and 7392.
231
What is the greatest common divisor of 280706 and 6858373?
1